omposite?
False
Is 68214371 a composite number?
True
Is 4403947 composite?
True
Is 176866097 a prime number?
True
Is 294921537 a prime number?
False
Is 19987333 composite?
False
Is 117824821 prime?
True
Is 3207041 a composite number?
False
Is 1624769 a composite number?
True
Is 150279841 prime?
True
Is 10351469 prime?
False
Is 61638257 composite?
False
Is 28900591 a composite number?
True
Is 2322629 a composite number?
False
Is 20826653 a composite number?
False
Is 28204217 a composite number?
False
Is 60882215 a composite number?
True
Is 241495949 a prime number?
False
Is 2039027 a composite number?
False
Is 4283687 prime?
True
Is 15154339 a composite number?
True
Is 32555077 composite?
False
Is 1833451 composite?
False
Is 3735583 a composite number?
False
Is 66523991 prime?
False
Is 82277 prime?
False
Is 59667973 prime?
True
Is 10513933 a composite number?
False
Is 176144279 a prime number?
False
Is 268241 a prime number?
False
Is 927552253 composite?
False
Is 40704637 composite?
False
Is 91213 a composite number?
True
Is 89101063 a composite number?
True
Is 13376093 a prime number?
False
Is 110210587 a prime number?
True
Is 612698029 composite?
True
Is 193649395 composite?
True
Is 732353 prime?
False
Is 192377 a composite number?
False
Is 84187591 composite?
False
Is 1338637 a composite number?
False
Is 844835273 a composite number?
True
Is 90369217 prime?
True
Is 127630667 composite?
True
Is 337569763 prime?
False
Is 1160822431 prime?
True
Is 4951849 composite?
True
Is 2430109 a composite number?
True
Is 4915331 a prime number?
True
Is 28465147 a prime number?
True
Is 405898 composite?
True
Is 60905657 prime?
True
Is 15287473 a composite number?
False
Is 411061141 prime?
True
Is 3454783 a composite number?
True
Is 11532074 a composite number?
True
Is 224586905 a prime number?
False
Is 20583653 a prime number?
False
Is 5873789 a prime number?
False
Is 263970991 a prime number?
True
Is 4713077 prime?
False
Is 211709383 a composite number?
False
Is 149545157 prime?
False
Is 18143791 a prime number?
True
Is 6697393 composite?
True
Is 358964677 prime?
True
Is 14029493 a composite number?
False
Is 65859083 prime?
False
Is 85549 composite?
False
Is 536261 a composite number?
True
Is 31501667 a composite number?
True
Is 39988537 a prime number?
True
Is 6590671 a composite number?
False
Is 45920171 a prime number?
False
Is 2877773 a prime number?
True
Is 572974991 prime?
False
Is 225217 prime?
True
Is 126485857 a composite number?
False
Is 7598939 composite?
True
Is 5568301 prime?
False
Is 56098099 a composite number?
True
Is 13225609 a composite number?
True
Is 38633711 a composite number?
True
Is 29731619 prime?
False
Is 46665623 a composite number?
False
Is 312371 a composite number?
False
Is 5223227 composite?
False
Is 192037243 a prime number?
True
Is 20486827 a composite number?
True
Is 33938951 prime?
True
Is 172853873 composite?
False
Is 2034361 composite?
True
Is 37961927 a composite number?
True
Is 65696597 prime?
False
Is 99630007 a composite number?
True
Is 27667517 a composite number?
True
Is 41031401 a prime number?
True
Is 329166193 a composite number?
False
Is 5507 prime?
True
Is 18891071 composite?
False
Is 1008361 a composite number?
True
Is 4880741 prime?
True
Is 24277993 composite?
False
Is 1305229 composite?
False
Is 2794807 composite?
False
Is 1036020487 a prime number?
False
Is 701259763 prime?
True
Is 888916837 a prime number?
True
Is 30205961 a composite number?
False
Is 108271703 prime?
False
Is 75726067 a prime number?
False
Is 9525931 prime?
False
Is 6740431 a prime number?
False
Is 19270481 prime?
False
Is 5125717 composite?
True
Is 39831557 a composite number?
False
Is 597214 prime?
False
Is 1128561871 composite?
True
Is 162900547 composite?
True
Is 31763951 a prime number?
True
Is 1520851 a prime number?
True
Is 16010569 composite?
True
Is 1070131 a composite number?
False
Is 32599261 composite?
False
Is 3011483 a composite number?
False
Is 321593 a composite number?
False
Is 3945167 composite?
True
Is 9839903 a prime number?
False
Is 36484789 prime?
False
Is 8857621 a composite number?
False
Is 79741243 a composite number?
False
Is 20696699 a prime number?
True
Is 772399 a prime number?
False
Is 5881487 a composite number?
False
Is 85801579 prime?
True
Is 1910813 prime?
True
Is 87305059 composite?
False
Is 64403671 a prime number?
True
Is 1023163 a prime number?
True
Is 51750991 a prime number?
True
Is 50325773 a composite number?
False
Is 3921287 a composite number?
False
Is 7840507 a composite number?
False
Is 46467941 a prime number?
False
Is 43495019 a composite number?
True
Is 3981799 prime?
False
Is 7884187 a composite number?
True
Is 496259 a prime number?
True
Is 1019741773 a composite number?
False
Is 136709 a prime number?
True
Is 3486521 a prime number?
True
Is 42587603 a prime number?
True
Is 207367 composite?
False
Is 52785703 a prime number?
True
Is 25490653 a prime number?
False
Is 97887073 composite?
False
Is 133689977 prime?
False
Is 12571597 composite?
True
Is 174431 composite?
False
Is 334291937 prime?
False
Is 126218119 prime?
True
Is 53423 prime?
False
Is 36577351 composite?
False
Is 1107157 a prime number?
True
Is 48301697 composite?
False
Is 23546993 prime?
False
Is 236946277 composite?
False
Is 89609297 a composite number?
True
Is 3035099 a prime number?
True
Is 7699057 composite?
False
Is 9908539 composite?
True
Is 517291381 a composite number?
True
Is 4869289 a composite number?
False
Is 70793617 prime?
False
Is 69038521 prime?
False
Is 3055661 composite?
True
Is 71501173 a prime number?
True
Is 11512307 composite?
True
Is 1785683 composite?
False
Is 446099 prime?
False
Is 65537 composite?
False
Is 97947329 a prime number?
True
Is 3827479 prime?
True
Is 29899157 a prime number?
True
Is 27300374 a composite number?
True
Is 71849627 a prime number?
True
Is 8531009 a prime number?
True
Is 188786407 composite?
True
Is 1400447 a prime number?
False
Is 11036579 prime?
False
Is 83126171 a prime number?
True
Is 10291299 composite?
True
Is 408855497 a composite number?
True
Is 11572643 a prime number?
False
Is 93205353 a prime number?
False
Is 303078353 a prime number?
True
Is 8501 composite?
False
Is 691753261 prime?
False
Is 276099806 a prime number?
False
Is 1861543 composite?
False
Is 4610427 a prime number?
False
Is 1067191 a composite number?
True
Is 532995037 composite?
False
Is 235036717 composite?
False
Is 73848443 a prime number?
True
Is 43628029 a prime number?
False
Is 11909791 composite?
True
Is 2266697 a composite number?
False
Is 789653 prime?
True
Is 542721 prime?
False
Is 43007903 prime?
False
Is 98040577 prime?
True
Is 2719967 prime?
False
Is 605809 prime?
True
Is 5722567 composite?
False
Is 3678131 composite?
False
Is 11677403 a prime number?
True
Is 758173279 composite?
False
Is 11126162 a composite number?
True
Is 19892849 prime?
True
Is 32691469 a prime number?
False
Is 488827351 prime?
True
Is 126823 a prime number?
True
Is 104093743 prime?
False
Is 1894787 a composite number?
False
Is 163995577 composite?
True
Is 33014921 prime?
True
Is 45885857 composite?
False
Is 10262273 composite?
True
Is 215211413 a composite number?
False
Is 2364047 composite?
True
Is 345913833 a prime number?
False
Is 93652927 a composite number?
True
Is 15166603 a prime number?
False
Is 6858133 prime?
False
Is 8182115 composite?
True
Is 3499537 a composite number?
True
Is 6299651 composite?
False
Is 69556303 prime?
True
Is 14619289 a composite number?
False
Is 64126046 a prime number?
False
Is 294497029 a composite number?
False
Is 164432429 a prime number?
False
Is 43951191 prime?
False
Is 155191 a composite number?
False
Is 50667199 prime?
False
Is 130571291 composite?
False
Is 400997 a composite number?
False
Is 19045207 prime?
True
Is 5778637 a composite number?
True
Is 21671803 prime?
False
Is 8975663 composite?
True
Is 142420721 a prime number?
False
Is 305745409 a prime number?
True
Is 17564147 a composite number?
True
Is 23789041 a prime number?
True
Is 2347693 prime?
True
Is 14674769 a composite number?
False
Is 40212713 composite?
False
Is 984847 a prime number?
True
Is 1703159 a composite number?
False
Is 64121479 composite?
True
Is 2131739 a composite number?
True
Is 19239361 a prime n